
-36a2a
Convert 602333 (base 10) to base 11.
3815a6
What is 46269 (base 13) in base 4?
133031223
Convert -21120404 (base 5) to base 9.
-287818
Convert 1744ba (base 15) to base 10.
1128325
Convert -75217 (base 8) to base 10.
-31375
Convert -271004 (base 10) to base 8.
-1021234
What is -2b175 (base 12) in base 14?
-181a9
What is -174293 (base 11) in base 13?
-956c2
What is 8070898 (base 10) in base 7?
125413213
Convert -96769 (base 10) to base 11.
-66782
Convert -231122020 (base 4) to base 15.
-3a197
What is 11101001011000100000 (base 2) in base 11?
5a3233
Convert 202502 (base 7) to base 11.
23a57
267346 (base 11) to base 15
84538
Convert 2306154 (base 9) to base 6.
42401421
Convert 115745 (base 12) to base 11.
180901
-102211200112 (base 3) to base 15
-490bb
What is 15663356 (base 7) in base 6?
52431125
Convert 192c6 (base 16) to base 8.
311306
12039 (base 10) to base 7
50046
250d43 (base 14) to base 7
13540413
-60c441 (base 13) to base 4
-20212200003
5232430 (base 7) to base 4
2121303031
What is 1fb23 (base 16) in base 2?
11111101100100011
2300764 (base 9) to base 4
10232321032
-1420140243 (base 5) to base 14
-6ba31b
49755 (base 12) to base 10
99569
1582aa0 (base 11) to base 16
292ac6
What is -4721211 (base 8) in base 7?
-13636404
-155351 (base 8) to base 11
-39117
What is 1440020 (base 6) in base 14?
22336
What is 2506625 (base 9) in base 13?
38951c
What is -2704210 (base 9) in base 6?
-51412400
114311313 (base 5) to base 6
15334430
What is 34006036 (base 8) in base 5?
3334440014
What is 11022400213 (base 5) in base 16?
b5ddd8
Convert -300124003 (base 5) to base 9.
-2183173
-100131131 (base 4) to base 9
-112432
Convert -3a68 (base 15) to base 11.
-940a
Convert 8704e (base 16) to base 13.
164955
Convert 3742104 (base 8) to base 11.
64635a
127710a (base 11) to base 15
2d879d
Convert -322002 (base 8) to base 10.
-107522
Convert -d7666 (base 16) to base 11.
-552961
Convert -2340034011 (base 5) to base 15.
-717ddb
-5a1025 (base 12) to base 7
-15231650
What is -2212222332 (base 5) in base 14?
-8d0dc1
What is 1234317 (base 12) in base 8?
15433703
-1b69d5 (base 16) to base 10
-1796565
2230211213 (base 4) to base 16
ac967
-2379024 (base 10) to base 4
-21010310100
What is -2472a0 (base 11) in base 12?
-169a7b
3201122111 (base 4) to base 7
10563536
What is -143826 (base 12) in base 16?
-528de
-14514321 (base 6) to base 4
-1323331021
What is -212260 (base 8) in base 10?
-70832
-1331020320 (base 4) to base 2
-1111101001000111000
What is -1415076 (base 8) in base 7?
-3253663
Convert -310555 (base 6) to base 13.
-b3c9
-960944 (base 10) to base 14
-1b02ac
Convert 3043004304 (base 5) to base 14.
b7c73b
Convert 21232341 (base 5) to base 11.
113551
Convert -1122223440 (base 5) to base 3.
-11210000012010
65325a (base 11) to base 9
1860750
-96492a (base 11) to base 14
-2c283c
What is 1b4a9b3 (base 13) in base 2?
100010100001001101010001
2c2193 (base 14) to base 13
4200c3
What is 311442 (base 5) in base 8?
24007
What is -363845 (base 11) in base 16?
-8ca09
What is -6610260 (base 7) in base 2?
-11000101100100111101
-91367 (base 16) to base 8
-2211547
What is -343222133 (base 5) in base 14?
-2c0c39
What is -1010101010111010 (base 2) in base 15?
-ce3b
What is -76043 (base 15) in base 14?
-9a796
2456654 (base 7) to base 9
532655
Convert 7953b (base 13) to base 9.
365535
-5b28c (base 13) to base 8
-507002
What is 1010001111001000000000 (base 2) in base 7?
31544205
What is -11101011101011100011001 (base 2) in base 14?
-10505cd
What is 1314101 (base 5) in base 9?
38776
Convert 2046436 (base 9) to base 6.
35240053
Convert 221303134 (base 5) to base 4.
3223011213
-2240330 (base 8) to base 15
-bea34
Convert 37384a (base 11) to base 6.
20354303
What is 10100101100010001001 (base 2) in base 7?
5522515
What is -213332300 (base 6) in base 13?
-a339cb
15106545 (base 7) to base 16
15d593
-25410354 (base 7) to base 13
-6292bc
What is -101100100101111110011000 (base 2) in base 16?
-b25f98
What is -421 (base 9) in base 7?
-1000
What is 1252255 (base 13) in base 12?
1ab854a
Convert -1d13 (base 16) to base 7.
-30462
-3648a (base 12) to base 4
-101320222
Convert 114173 (base 13) to base 15.
81255
-240305 (base 7) to base 13
-16982
Convert 11433432 (base 5) to base 16.
1a849
-6a2c0 (base 13) to base 5
-22200310
Convert -7241d3 (base 15) to base 5.
-2342241143
Convert -207231 (base 13) to base 8.
-2711107
What is 331111305 (base 6) in base 2?
10110101000111001111001
What is 1cb66 (base 13) in base 10?
56868
100000011010011100110 (base 2) to base 4
10003103212
-2133120220 (base 4) to base 6
-21554224
Convert -193b53 (base 15) to base 12.
-4b2566
-55422431 (base 6) to base 3
-10010201001001
What is -223601 (base 7) in base 9?
-60455
Convert -d9b7 (base 14) to base 2.
-1001001011011101
Convert 122333221 (base 4) to base 10.
110569
2e7d (base 16) to base 3
121022210
46188 (base 11) to base 12
3277b
Convert -2616031 (base 8) to base 4.
-2301300121
10441142023 (base 5) to base 13
2554297
What is -110001011001111101 (base 2) in base 14?
-53a69
What is 4123365 (base 7) in base 14?
cbb6c
What is 4537972 (base 11) in base 5?
4013232112
What is -20435 (base 9) in base 8?
-32246
What is -37053 (base 12) in base 2?
-10010001001111111
2b529 (base 14) to base 5
11424113
3282345 (base 10) to base 14
616293
Convert -304130243 (base 6) to base 9.
-10762120
2401502 (base 6) to base 13
44a71
Convert -42408 (base 10) to base 15.
-c873
Convert 111101000100111 (base 2) to base 5.
2000041
Convert -d5ea0 (base 15) to base 10.
-678300
21f6c8 (base 16) to base 15
2de7ae
Convert 10110010011010010000 (base 2) to base 16.
b2690
Convert -5350522 (base 6) to base 9.
-441135
What is 2100211010 (base 3) in base 6?
555220
Convert 41424423 (base 5) to base 7.
2624336
Convert -222003230 (base 6) to base 9.
-7486010
-21202123012 (base 4) to base 16
-2626c6
Convert -30121331003 (base 4) to base 7.
-36433103
What is -75d473 (base 14) in base 4?
-33032330331
What is 330741 (base 10) in base 2?
1010000101111110101
What is -7534444 (base 9) in base 14?
-771979
What is 1671e22 (base 15) in base 10?
16307807
Convert -2948415 (base 13) to base 11.
-74570a6
Convert 645271 (base 11) to base 8.
3737245
Convert -bafe66 (base 16) to base 5.
-11114123242
Convert 401024 (base 5) to base 14.
486b
Convert 11285262 (base 10) to base 15.
ecdbac
What is 21044341 (base 5) in base 11?
10a505
-80da09 (base 14) to base 12
-1553861
What is -50342551 (base 6) in base 12?
-58aa57
What is -1200110201 (base 3) in base 14?
-c11a
-315514 (base 9) to base 3
-100112120111
Convert 46073 (base 12) to base 3.
11202010020
Convert -3997c9 (base 13) to base 2.
-101010011110110110001
Convert -1010021001021112 (base 3) to base 4.
-331112100113
What is 434044454 (base 6) in base 3?
112120210112121
-101000120222220 (base 3) to base 14
-9c8db9
Convert -21361661 (base 7) to base 12.
-743202
Convert -2af282 (base 16) to base 10.
-2814594
-3141464 (base 7) to base 9
-638158
What is 2364445 (base 8) in base 7?
5343420
Convert -121552432 (base 6) to base 15.
-310ed5
24ed6 (base 15) to base 11
80805
-33240174 (base 9) to base 4
-331113222220
Convert 11541440 (base 6) to base 5.
43333130
-5bbe6 (base 15) to base 2
-1000111100001001101
Convert -155312 (base 9) to base 10.
-95753
305120 (base 7) to base 8
145747
Convert -3c9a4d (base 16) to base 3.
-21110210002120
Convert 111111001101000100001 (base 2) to base 9.
3805872
Convert -69cbb4 (base 13) to base 6.
-125511025
Convert -2042200040 (base 5) to base 6.
-231120542
Convert 14423 (base 15) to base 6.
1221110
-2342240422 (base 5) to base 13
-1181b70
500123 (base 8) to base 2
101000000001010011
What is -43b02 (base 14) in base 13?
-59897
Convert -a2991 (base 11) to base 5.
-14302021
10431104 (base 5) to base 9
151078
Convert -10110011111111110110110 (base 2) to base 10.
-5898166
What is 1dd6b (base 16) in base 6?
2341455
c8594 (base 13) to base 11
227481
Convert -42883 (base 14) to base 8.
-472103
Convert -87fb7a (base 16) to base 5.
-4240133423
-200212220112102 (base 3) to base 9
-20786472
11010221 (base 4) to base 3
1001111112
What is 1334124 (base 7) in base 11?
110848
6d8543 (base 14) to base 13
a13760
What is 100120212111 (base 3) in base 2?
101110000100101100
What is -434443123 (base 5) in base 6?
-104103324
What is 